ctors of 199269120.
2, 3, 5, 51893
What are the prime factors of 2574528770?
2, 5, 11, 109, 214723
List the prime factors of 2697771388.
2, 13, 2837, 18287
What are the prime factors of 64247233?
17, 3779249
List the prime factors of 2633199393.
3, 11, 47, 1697743
List the prime factors of 39521351.
61, 647891
List the prime factors of 72466414.
2, 61, 593987
What are the prime factors of 153122199?
3, 181, 281993
What are the prime factors of 779344073?
17, 45843769
List the prime factors of 564719281.
7, 31, 41, 63473
List the prime factors of 138004442.
2, 41, 223, 7547
List the prime factors of 517943733.
3, 172647911
What are the prime factors of 4105552150?
2, 5, 7, 11730149
List the prime factors of 4048413538.
2, 13, 155708213
List the prime factors of 19964043.
3, 11, 67219
What are the prime factors of 285943155?
3, 5, 139, 137143
List the prime factors of 81192080.
2, 5, 389, 2609
List the prime factors of 414532324.
2, 281, 368801
List the prime factors of 92643790.
2, 5, 311, 29789
What are the prime factors of 109262754?
2, 3, 1669, 3637
List the prime factors of 783566295.
3, 5, 17, 71, 113, 383
List the prime factors of 34534212.
2, 3, 67, 42953
List the prime factors of 524425240.
2, 5, 313, 41887
What are the prime factors of 153396808?
2, 131, 197, 743
What are the prime factors of 312305583?
3, 104101861
What are the prime factors of 1664891888?
2, 11, 43, 179, 1229
What are the prime factors of 6994998946?
2, 13, 1171, 229751
List the prime factors of 312463451.
17, 18380203
What are the prime factors of 672293924?
2, 1723, 97547
List the prime factors of 1964179006.
2, 4139, 237277
List the prime factors of 95069199.
3, 31689733
What are the prime factors of 5460353667?
3, 43, 4703147
What are the prime factors of 2729780961?
3, 909926987
List the prime factors of 4519610611.
241, 1597, 11743
List the prime factors of 471202364.
2, 117800591
List the prime factors of 66567092.
2, 199, 241, 347
What are the prime factors of 439986298?
2, 719, 305971
What are the prime factors of 4951522809?
3, 41, 1093, 12277
List the prime factors of 8033875.
5, 64271
What are the prime factors of 363150960?
2, 3, 5, 163, 9283
List the prime factors of 296465256.
2, 3, 173, 23801
What are the prime factors of 10207449?
3, 7, 29, 37, 151
List the prime factors of 289354734.
2, 3, 5358421
What are the prime factors of 1589124285?
3, 5, 7, 37, 47, 967
List the prime factors of 64179498.
2, 3, 461, 23203
What are the prime factors of 171804222?
2, 3, 9544679
List the prime factors of 536635839.
3, 23, 41, 189691
List the prime factors of 955613359.
955613359
List the prime factors of 2783969606.
2, 11, 17, 61, 122029
What are the prime factors of 1782863524?
2, 13, 73, 191, 2459
What are the prime factors of 16598524?
2, 151, 27481
List the prime factors of 181563719.
181563719
List the prime factors of 20410676.
2, 11, 13, 17, 2099
List the prime factors of 225153602.
2, 83, 149, 9103
What are the prime factors of 2082128245?
5, 23, 191, 94793
What are the prime factors of 51496868?
2, 71, 179, 1013
What are the prime factors of 2821524233?
11, 113, 2269931
What are the prime factors of 1335641881?
7, 1249, 152767
List the prime factors of 1454643861.
3, 11, 43, 1025119
What are the prime factors of 50423512?
2, 269, 23431
List the prime factors of 76144571.
19, 353, 11353
What are the prime factors of 205975928?
2, 163, 191, 827
List the prime factors of 1751423296.
2, 7, 3909427
List the prime factors of 1768177699.
1768177699
What are the prime factors of 4289219?
11, 17, 22937
List the prime factors of 100286874.
2, 3, 5571493
List the prime factors of 66810537.
3, 79, 93967
What are the prime factors of 1350569825?
5, 11, 4911163
What are the prime factors of 1621801588?
2, 11, 43, 97, 8837
What are the prime factors of 22789677?
3, 103, 131, 563
What are the prime factors of 20536231?
20536231
What are the prime factors of 277141039?
7, 39591577
List the prime factors of 143849232.
2, 3, 919, 1087
List the prime factors of 150553487.
7, 1699, 12659
List the prime factors of 697041306.
2, 3, 13, 131, 22739
What are the prime factors of 72617556?
2, 3, 11, 367, 1499
List the prime factors of 201887302.
2, 151, 167, 4003
What are the prime factors of 231525974?
2, 3581, 32327
List the prime factors of 58431474.
2, 3, 3246193
What are the prime factors of 1462780908?
2, 3, 71, 163, 3511
What are the prime factors of 542446477?
569, 953333
What are the prime factors of 40181642?
2, 17, 31, 67, 569
What are the prime factors of 32358244?
2, 8089561
What are the prime factors of 288709567?
16603, 17389
List the prime factors of 47685977.
67, 711731
List the prime factors of 870624085.
5, 271, 642527
List the prime factors of 313134876.
2, 3, 41, 70717
List the prime factors of 88802879.
11, 31, 260419
List the prime factors of 337795529.
337795529
What are the prime factors of 6334414579?
19, 333390241
What are the prime factors of 41623943?
73, 570191
List the prime factors of 182158031.
11, 16559821
List the prime factors of 135961833.
3, 7, 353, 18341
What are the prime factors of 10782470?
2, 5, 1078247
What are the prime factors of 1058785203?
3, 7, 19, 139663
What are the prime factors of 6716672841?
3, 73, 661, 46399
What are the prime factors of 40901796?
2, 3, 13, 17, 53, 97
List the prime factors of 7842801482.
2, 3921400741
List the prime factors of 491871947.
7, 31, 167, 277
What are the prime factors of 1629302301?
3, 11, 2207, 7457
What are the prime factors of 911097735?
3, 5, 23, 2640863
List the prime factors of 602654195.
5, 11, 13, 163, 5171
List the prime factors of 33179768.
2, 1657, 2503
List the prime factors of 182628597.
3, 3593, 16943
What are the prime factors of 47241245?
5, 2437, 3877
What are the prime factors of 2475655839?
3, 91690957
List the prime factors of 634690011.
3, 211563337
What are the prime factors of 10430694?
2, 3, 31, 67
What are the prime factors of 15434757?
3, 13, 29, 4549
What are the prime factors of 755381636?
2, 157, 1202837
What are the prime factors of 91092951?
3, 3373813
What are the prime factors of 52360822?
2, 26180411
What are the prime factors of 57857655?
3, 5, 587, 6571
What are the prime factors of 49875219?
3, 257, 21563
List the prime factors of 2616635181.
3, 23, 37922249
What are the prime factors of 1288220193?
3, 13, 1223381
What are the prime factors of 4529827116?
2, 3, 9091, 13841
What are the prime factors of 3424264688?
2, 13, 16462811
List the prime factors of 108597068.
2, 113, 240259
List the prime factors of 93516647.
7, 233, 8191
List the prime factors of 1237645301.
37, 59, 566947
List the prime factors of 2186032868.
2, 546508217
What are the prime factors of 720020403?
3, 80002267
List the prime factors of 86220973.
29, 101, 29437
What are the prime factors of 46106762?
2, 13, 1773337
What are the prime factors of 24874917?
3, 8291639
What are the prime factors of 45955909?
23, 73, 101, 271
What are the prime factors of 1613966007?
3, 829, 648961
List the prime factors of 247265747.
1871, 132157
What are the prime factors of 368588677?
368588677
What are the prime factors of 43354670?
2, 5, 4335467
List the prime factors of 60897714.
2, 3, 431, 23549
What are the prime factors of 293040753?
3, 113, 864427
What are the prime factors of 9653725?
5, 386149
List the prime factors of 691367633.
11, 62851603
What are the prime factors of 3105020762?
2, 953, 1629077
List the prime factors of 34045923.
3, 11348641
List the prime factors of 4741699421.
4741699421
List the prime factors of 80009677.
11, 661237
List the prime factors of 106662799.
23, 163, 1237
List the prime factors of 2659083368.
2, 332385421
List the prime factors of 430456586.
2, 7, 30746899
List the prime factors of 11524013.
19, 606527
What are the prime factors of 1535451342?
2, 3, 23, 29, 593, 647
List the prime factors of 43306238.
2, 127, 170497
What are the prime factors of 1882641352?
2, 235330169
What are the prime factors of 644196158?
2, 43, 7490653
List the prime factors of 1014322461.
3, 1279, 264353
What are the prime factors of 513195112?
2, 107, 661, 907
List the prime factors of 833251508.
2, 149, 653, 2141
What are the prime factors of 23222948?
2, 7, 89, 9319
List the prime f